et s(h) = 4*h**3 - 63*h**2 - 34*h + 46. Let n(y) = 2*y**3 - 32*y**2 - 17*y + 23. Let p(z) = 5*n(z) - 3*s(z). List the prime factors of p(15).
7
Let h(q) = -q + 1. Let p be h(-3). Suppose -f = 2*n + 53, 59 = -p*f + 3*f + n. Let x = -40 - f. What are the prime factors of x?
17
Let r = -4 - -5. Suppose -q - r = -11. Let n = -1 + q. What are the prime factors of n?
3
Let v = -531 - -940. What are the prime factors of v?
409
Let a = 38 + 6. Suppose -8*l - a = -9*l. Suppose 5*s = l + 166. List the prime factors of s.
2, 3, 7
Let f(u) = u**3 - 21*u**2 + 41*u - 29. List the prime factors of f(19).
2, 7
Let p(b) = -2*b**3 - 4*b**2 - 4*b + 2. Let x be p(-5). Suppose -8*i + 3*i - 60 = 0. List the prime factors of x/22 + i/(-66).
2
Suppose -18*j = -3296 - 11212. List the prime factors of j.
2, 13, 31
Let p(x) = 7*x**2 + 8*x + 6. Let i(j) = j**2 - 11*j - 14. Let w be i(12). List the prime factors of p(w).
2, 3
Suppose -5*q - 2*k + 1208 = 0, 4*q - 3*k - 204 = 744. List the prime factors of q.
2, 3, 5
Suppose 2*h = 4*i - 14, 2 = -h + 4*i - 9. What are the prime factors of 3/2*((-125)/(-1) + h)?
3, 61
Let r(h) = h**3 + 15*h**2 - 9*h + 36. Let o be r(-16). What are the prime factors of o*((-2)/5 - (-143)/(-130))?
2, 3, 19
Let o(g) = -4*g**3 - 17*g**2 + 5*g + 31. Let f(v) = -9*v**3 - 35*v**2 + 10*v + 63. Let q(y) = 3*f(y) - 7*o(y). List the prime factors of q(-14).
2, 3, 7
Suppose x - 263 = 348. List the prime factors of x.
13, 47
Let b = -120 - 65. Let v = b + 338. List the prime factors of v.
3, 17
Let c(a) = 5*a**3 + 5*a**2 - 5*a - 8. Let x(l) = 3*l**3 + 3*l**2 - 3*l - 4. Let i(f) = -4*c(f) + 7*x(f). What are the prime factors of i(3)?
37
Let j(f) = -f**2 + f. Let g(d) = -d**3 - 10*d**2 + 9*d - 1. Let o(k) = g(k) - 4*j(k). Let t be o(-6). Let i = t + 44. List the prime factors of i.
13
Suppose 5*o - 1842 = -o. What are the prime factors of o?
307
Let z(f) be the second derivative of 7*f**4/8 + 7*f**3/6 - 11*f**2/2 - 11*f. Let p(l) be the first derivative of z(l). List the prime factors of p(3).
2, 5, 7
List the prime factors of 1 - -2 - -702 - (12 + -9).
2, 3, 13
Suppose 3079 - 255 = -4*i + 2*d, d = -5*i - 3544. Let h be 10/30 + i/(-9). What are the prime factors of h*(3 - 2 - 0)?
79
Let v(r) = r. Let a(k) = k - 7. Let h(w) = -a(w) + 2*v(w). Let t be h(-3). Suppose 0*z - t*z = -268. What are the prime factors of z?
67
Let s be -53*(2 + -1 + -2). Let t = 321 - 240. Let l = t - s. What are the prime factors of l?
2, 7
Suppose w - 2*l - 9 + 2 = 0, 0 = -2*w + 5*l + 17. Let q(n) = 140*n + 3. List the prime factors of q(w).
11, 13
Suppose -g - 4 = -2*g. Suppose 0 = g*n - 108 - 616. What are the prime factors of n?
181
Suppose 5*c - 5*o = -110, -5*o + 7 - 1 = -c. Let v be (-2)/8 - c/8. Suppose -4*y + 5*y = -3*b + 18, -4*y = v*b - 63. What are the prime factors of y?
3, 5
Let y(h) = -79 + 9 + 7 - 16*h. List the prime factors of y(-10).
97
Let a be (-3)/5 - (-43846)/10. Let w be (-1)/3 + a/12. Suppose 4*r + r - w = 0. What are the prime factors of r?
73
Let s be (13 + -1)/(-2) + 1. List the prime factors of (0 - s)*-1 + 116.
3, 37
Let z(l) be the first derivative of -7/3*l**3 + 4 + 8*l - 3*l**2 - 1/4*l**4. List the prime factors of z(-6).
2
Let j(b) be the second derivative of 3*b**3 + 11*b**2 - 10*b. List the prime factors of j(6).
2, 5, 13
Suppose v + u = 4*v + 82, v - 4*u + 42 = 0. What are the prime factors of 0 - 3 - 1 - v?
2, 11
Let j be (-11)/(-4) - 10/(280/21). Suppose -5*l + 4*k = -902, j*k + 3 + 3 = 0. List the prime factors of l.
2, 89
Let m = -259 + 311. List the prime factors of m.
2, 13
Let s = -26 - -57. List the prime factors of s.
31
Suppose 0 = -25*q + 27*q - 256. Suppose 4*x + 5*o - q = 0, 5*x = -0*x + 3*o + 123. What are the prime factors of x?
3
Let c be 59 - (1 - (2 + -2)/(-2)). Let x = -37 + c. What are the prime factors of x?
3, 7
Suppose 0 = -24*u - 13358 + 33998. What are the prime factors of u?
2, 5, 43
Let q(n) = 3*n**2 - 7*n + 211. List the prime factors of q(-15).
991
Let h = -667 + 983. List the prime factors of h.
2, 79
Let q = -79 - -82. Suppose q*c - c = 64. What are the prime factors of c?
2
Suppose -5*c - 621 = -2611. What are the prime factors of c?
2, 199
Suppose w = 4*f - 4, -22 = 3*w - 3*f + f. Let u be ((-12)/16)/((-2)/w). List the prime factors of ((-1)/2)/(u/216).
2, 3
Suppose -142 = -3*p + 1325. What are the prime factors of p?
3, 163
Let b(h) = 43*h + 2. Let u be b(3). Let x = 86 - u. Let k = -32 - x. List the prime factors of k.
13
Suppose -a + 1 = 2*i + 89, 0 = -3*i - a - 133. Let z = -19 - i. Suppose -16 = -2*b + z. What are the prime factors of b?
3, 7
Let j = 368 - 254. List the prime factors of j.
2, 3, 19
Suppose 0 = -6*p - 2*p + 200. Let g = 29 - p. What are the prime factors of (3 - 3)/g - -53?
53
Let q = 4765 - 1857. List the prime factors of q.
2, 727
Suppose -4*i + 695 = -9*i. Let l = -98 - i. List the prime factors of l.
41
List the prime factors of (81711/42)/((-6)/(-4)).
1297
Let x = 164 + -94. Suppose -x*p - 415 = -75*p. List the prime factors of p.
83
Let m = 51 - 47. Suppose 0 = -5*j - m*j + 729. What are the prime factors of j?
3
Let q(o) = o**2 + 43*o + 271. List the prime factors of q(38).
17, 197
Suppose 4*o = -o - 470. Let a be o/(-18) - (-18)/(-81). List the prime factors of (2/a)/(4/100).
2, 5
Suppose -4*a + 20 = -0*a. Suppose 6*h - a*h - 66 = 0. List the prime factors of (-654)/(-33) + 12/h.
2, 5
Suppose -4*g = -4*l - 176, -129 = -2*g - g + 4*l. Let n = g + 7. List the prime factors of n.
2, 3
Suppose -125 + 617 = -4*u. Let q = u + 174. List the prime factors of q.
3, 17
Let c(y) = -y + 1 - 2*y**2 - 3 - y + y**3 + 3. Let j(d) = 5*d**2 - 1. Let l be j(1). What are the prime factors of c(l)?
5
Let i(v) = 36*v**3 - v + 1. Let g be 24/36 - (-1)/3. List the prime factors of i(g).
2, 3
Suppose 0 = -3*u + 12, 2*s + u - 21 = 57. Let z = -22 + s. What are the prime factors of (1 - 3)/(z/(-165))?
2, 11
Let s = 135 - 78. What are the prime factors of (s/12)/((-2)/(-80))?
2, 5, 19
Let q(a) = -11*a**3 - 2*a**2 + 19. List the prime factors of q(-3).
2, 149
Suppose 66 = 18*f - 24. Suppose -312 = -f*s + 668. List the prime factors of s.
2, 7
Let q(b) = -4*b**3 - 2*b**2 + b - 1. Let w be q(-2). Suppose -33 + w = -2*k. What are the prime factors of k?
2, 3
Let u(q) = -130*q - 63. What are the prime factors of u(-2)?
197
Suppose -3*w + 21 - 5 = 4*p, -3*p = -4*w + 63. Suppose 0*c - 2*c + 5*o = -15, 0 = -4*o - w. Suppose c = 3*n, 3*h - n = -2*h + 200. List the prime factors of h.
2, 5
Let h(l) = 3*l + 0*l + 3*l - 5*l. Let y(p) = -27*p - 2. Let d(t) = h(t) - y(t). List the prime factors of d(1).
2, 3, 5
Suppose -3*i + 1513 = 322. What are the prime factors of i?
397
Suppose 151*u = 103*u + 145872. What are the prime factors of u?
3, 1013
What are the prime factors of (-7*(-18)/(-252))/((-2)/14908)?
3727
Let l(b) be the first derivative of 8*b**3 + b**2/2 - b + 1. List the prime factors of l(1).
2, 3
Suppose -4*b - b + 20 = 0. Suppose 35 = 5*z + 3*q, b*z = 4*q - 1 - 3. List the prime factors of 3/(z/(35 + 1)).
3
Let d be -2*1*(1 - 2). Suppose 0 = -h + 5*n - 2*n + 2, d*n + 62 = 5*h. What are the prime factors of (-122)/(-14) + 4/h?
3
Let p = 2040 + -1162. List the prime factors of p.
2, 439
Let a(k) = -k**2 - 33*k - 13. Let p be a(-28). Let i = 410 - p. List the prime factors of i.
283
Let r(k) be the third derivative of -k**7/168 - k**6/720 - k**5/15 - 3*k**2. Let a(q) be the third derivative of r(q). List the prime factors of a(-1).
29
Suppose 3*g - 2602 - 14802 = 4*v, 4*v = -3*g + 17396. List the prime factors of g.
2, 5, 29
Suppose -15*n - 6 = -13*n. Let g = 34 - n. What are the prime factors of g?
37
Let f(t) = 10*t**3 - t. Let u be (-5)/(-7) + 6/21. Let d be f(u). Suppose 4*p + 5*y + 215 = d*p, 5*y = p - 23. What are the prime factors of p?
2, 3
Let l(p) = -2*p + 45. Let a be 5 - (2*-3 + (4 - 2)). What are the prime factors of l(a)?
3
Suppose 5*a = -46 - 14. Let c = -32 - a. List the prime factors of (-16)/20*(0 + c).
2
Let y(h) = -h**3 + 20*h**2 - 26*h + 48. List the prime factors of y(18).
2, 3, 19
Let z = 8 - -15. Suppose 4*a - 53 = z. Suppose 3 - a = -4*y. List the prime factors of y.
2
What are the prime factors of (-108)/15*(-13120)/96?
2, 3, 41
Suppose -k + 5*k = 20. Suppose 9*w - 312 = k*w. What are th